{"id":199,"date":"2020-10-29T00:45:59","date_gmt":"2020-10-29T00:45:59","guid":{"rendered":"https:\/\/demo.unimybilisim.com\/?page_id=199"},"modified":"2020-10-31T17:20:41","modified_gmt":"2020-10-31T14:20:41","slug":"elazig-protez-sac","status":"publish","type":"page","link":"https:\/\/vanprotezsac.com\/index.php\/elazig-protez-sac\/","title":{"rendered":"Elaz\u0131\u011f Protez Sa\u00e7"},"content":{"rendered":"<h2>Van Best Hair Sa\u00e7land\u0131rma Sistemleri olarak Elaz\u0131\u011f ilinden m\u00fc\u015fterilerimizi de kabul ediyoruz.<\/h2>\n<p>Elaz\u0131\u011f Protez Sa\u00e7 Van men\u015feili Best Hair Sa\u00e7land\u0131rma Sistemleri olarak ilimiz ba\u015fta olmak \u00fczere \u00e7evre illere de hizmet veriyor ve m\u00fc\u015fteri kabul ediyoruz. Bu y\u00fczden Elaz\u0131\u011f ilinde protez sa\u00e7 hizmeti vermekteyiz. Best Hair Sa\u00e7land\u0131rma Sistemleri olarak protez sa\u00e7lar\u0131m\u0131z protez sa\u00e7 uzman\u0131m\u0131z Ozan Ad\u0131yaman taraf\u0131ndan \u00f6zel olarak uygulan\u0131r, bak\u0131m\u0131 yap\u0131l\u0131r. El\u00e2z\u0131\u011f ilinden ald\u0131\u011f\u0131m\u0131z bir \u00e7ok m\u00fc\u015fterilerimize son teknoloji olan protez sa\u00e7lar\u0131 uyguluyor ve bak\u0131m\u0131n\u0131 yap\u0131yoruz. Protez sa\u00e7 sizi yormayan yap\u0131s\u0131yla asl\u0131nda sizi siz yap\u0131yor ve kafan\u0131za eski sa\u00e7lar\u0131n\u0131za birebir kadar benziyor.Bu y\u00fczden bizleri yani Van Protez Sa\u00e7\u0131 se\u00e7menizi \u00f6neriyor ileti\u015fime ge\u00e7menizi istiyoruz. Elaz\u0131\u011f de Protez Sa\u00e7 yapt\u0131rmak i\u00e7in sizi ilimize davet ediyor ve burada protez sa\u00e7\u0131n\u0131z\u0131 i\u00e7in i\u015flemleri ba\u015flatman\u0131z\u0131 \u00f6neriyoruz. Van&#8217;\u0131n ilk ve tek Protez sa\u00e7 firmas\u0131 Van Best Hair Protez Sa\u00e7&#8217;\u0131 tercih etmeniz dile\u011fiyle&#8230;<\/p>\n","protected":false},"excerpt":{"rendered":"<p>Van Best Hair Sa\u00e7land\u0131rma Sistemleri olarak Elaz\u0131\u011f ilinden m\u00fc\u015fterilerimizi de kabul ediyoruz. Elaz\u0131\u011f Protez Sa\u00e7 Van men\u015feili Best Hair Sa\u00e7land\u0131rma Sistemleri olarak ilimiz ba\u015fta olmak \u00fczere \u00e7evre illere de hizmet veriyor ve m\u00fc\u015fteri kabul ediyoruz. Bu y\u00fczden Elaz\u0131\u011f ilinde protez sa\u00e7 hizmeti vermekteyiz. Best Hair Sa\u00e7land\u0131rma Sistemleri olarak protez sa\u00e7lar\u0131m\u0131z protez sa\u00e7 uzman\u0131m\u0131z Ozan Ad\u0131yaman [&hellip;]<\/p>\n","protected":false},"author":1,"featured_media":0,"parent":0,"menu_order":0,"comment_status":"closed","ping_status":"closed","template":"","meta":[],"_links":{"self":[{"href":"https:\/\/vanprotezsac.com\/index.php\/wp-json\/wp\/v2\/pages\/199"}],"collection":[{"href":"https:\/\/vanprotezsac.com\/index.php\/wp-json\/wp\/v2\/pages"}],"about":[{"href":"https:\/\/vanprotezsac.com\/index.php\/wp-json\/wp\/v2\/types\/page"}],"author":[{"embeddable":true,"href":"https:\/\/vanprotezsac.com\/index.php\/wp-json\/wp\/v2\/users\/1"}],"replies":[{"embeddable":true,"href":"https:\/\/vanprotezsac.com\/index.php\/wp-json\/wp\/v2\/comments?post=199"}],"version-history":[{"count":1,"href":"https:\/\/vanprotezsac.com\/index.php\/wp-json\/wp\/v2\/pages\/199\/revisions"}],"predecessor-version":[{"id":200,"href":"https:\/\/vanprotezsac.com\/index.php\/wp-json\/wp\/v2\/pages\/199\/revisions\/200"}],"wp:attachment":[{"href":"https:\/\/vanprotezsac.com\/index.php\/wp-json\/wp\/v2\/media?parent=199"}],"curies":[{"name":"wp","href":"https:\/\/api.w.org\/{rel}","templated":true}]}}